{"id":16036,"date":"2026-08-31T10:52:43","date_gmt":"2026-08-31T08:52:43","guid":{"rendered":"https:\/\/raiffeisen-parc.ch\/?post_type=evenements&#038;p=16036"},"modified":"2026-09-02T10:20:54","modified_gmt":"2026-09-02T08:20:54","slug":"%f0%9f%8e%89-open-day-at-the-raiffeisen-parc","status":"publish","type":"evenements","link":"https:\/\/raiffeisen-parc.ch\/en\/evenements\/%f0%9f%8e%89-portes-ouvertes-au-raiffeisen-parc\/","title":{"rendered":"\ud83c\udf89 OPEN DAY AT THE RAIFFEISEN PARC!"},"content":{"rendered":"<style>\n.rp-po{--rp-green:#2A7E74;display:flex;gap:40px;align-items:stretch;flex-wrap:wrap}\n.rp-po__text{flex:1 1 420px;min-width:280px;display:flex;flex-direction:column;justify-content:center}\n.rp-po__media{flex:0 1 300px;max-width:300px;min-width:220px;display:flex;align-items:center;padding:18px 0}\n.rp-po__media img{width:100%;height:100%;object-fit:cover;border-radius:24px;display:block}\n.rp-po p{margin:0 0 16px;line-height:1.65}\n.rp-po__list{margin:0 0 16px}\n.rp-po__list p{margin:0 0 6px;padding-left:4px}\n.rp-po__infos{background:#f4f8f7;border-left:4px solid var(--rp-green);border-radius:12px;padding:16px 20px;margin-bottom:22px}\n.rp-po__infos p{margin:0 0 4px}\n.rp-po__infos p:last-child{margin:0}\n.rp-po__btns{display:flex;gap:14px;flex-wrap:wrap}\n.rp-po__btns a{display:inline-block;padding:13px 26px;border-radius:50px;background:var(--rp-green);color:#fff!important;text-decoration:none!important;font-family:\"Bebas Neue\",sans-serif;font-size:19px;letter-spacing:.5px;line-height:1.2;transition:.25s}\n.rp-po__btns a:hover{background:#1f6259;transform:translateY(-2px)}\n.rp-po__btns a.rp-po__btn--alt{background:transparent;color:var(--rp-green)!important;box-shadow:inset 0 0 0 2px var(--rp-green)}\n.rp-po__btns a.rp-po__btn--alt:hover{background:var(--rp-green);color:#fff!important}\n@media(max-width:1024px){.rp-po{gap:28px}.rp-po__media{flex:0 1 260px;max-width:260px}}\n@media(max-width:767px){.rp-po{flex-direction:column}.rp-po__media{max-width:320px;margin:0 auto;padding:0}.rp-po__media img{height:auto}}\n<\/style>\n\n<div class=\"rp-po\">\n\n  <div class=\"rp-po__text\">\n    <p>Le samedi 12 septembre, viens d\u00e9couvrir deux des grandes nouveaut\u00e9s du Parc \u00e0 l\u2019occasion d\u2019une journ\u00e9e portes ouvertes ! \ud83d\ude0d<\/p>\n\n    <div class=\"rp-po__list\">\n      <p>\ud83c\udfcb\ufe0f Le FiveClub et son tout nouvel espace fitness<\/p>\n      <p>\ud83d\udecf\ufe0f L\u2019Auberge du Parc et ses 68 lits<\/p>\n    <\/div>\n\n    <p>Visite les nouvelles infrastructures, rencontre les \u00e9quipes, pose toutes tes questions et d\u00e9couvre ces nouveaux espaces flambant neufs !<\/p>\n    <p>Et ce n\u2019est pas tout\u2026 plein de surprises t\u2019attendent sur place ! \ud83d\udc40<\/p>\n\n    <div class=\"rp-po__infos\">\n      <p><strong>\ud83d\udcc5 Samedi 12 septembre 2026<\/strong><\/p>\n      <p>\u23f0 Horaires : 09h00-15h00<\/p>\n      <p>\ud83d\udccd Raiffeisen Parc, Rue Emile-Bo\u00e9chat 87, 2800 Del\u00e9mont<\/p>\n    <\/div>\n\n    <p>On se r\u00e9jouit de te faire d\u00e9couvrir tout \u00e7a !<\/p>\n\n    <div class=\"rp-po__btns\">\n      <a class=\"nolink\" href=\"https:\/\/raiffeisen-parc.ch\/en\/activities\/five-club-fitness\/\">D\u00e9couvrir le FiveClub Fitness<\/a>\n      <a class=\"nolink rp-po__btn--alt\" href=\"https:\/\/raiffeisen-parc.ch\/en\/park-inn\/\">D\u00e9couvrir l\u2019Auberge du Parc<\/a>\n    <\/div>\n  <\/div>\n\n  <div class=\"rp-po__media\">\n    <img decoding=\"async\" src=\"https:\/\/raiffeisen-parc.ch\/wp-content\/uploads\/2026\/08\/Portes-ouvertes-9x16-1-576x1024.webp\" alt=\"Portes ouvertes au Raiffeisen Parc \u2013 12 septembre 2026\">\n  <\/div>\n\n<\/div>","protected":false},"featured_media":0,"template":"","class_list":["post-16036","evenements","type-evenements","status-publish","hentry"],"_links":{"self":[{"href":"https:\/\/raiffeisen-parc.ch\/en\/wp-json\/wp\/v2\/evenements\/16036","targetHints":{"allow":["GET"]}}],"collection":[{"href":"https:\/\/raiffeisen-parc.ch\/en\/wp-json\/wp\/v2\/evenements"}],"about":[{"href":"https:\/\/raiffeisen-parc.ch\/en\/wp-json\/wp\/v2\/types\/evenements"}],"wp:attachment":[{"href":"https:\/\/raiffeisen-parc.ch\/en\/wp-json\/wp\/v2\/media?parent=16036"}],"curies":[{"name":"well played","href":"https:\/\/api.w.org\/{rel}","templated":true}]}}

<style>
.rp-po{--rp-green:#2A7E74;display:flex;gap:40px;align-items:stretch;flex-wrap:wrap}
.rp-po__text{flex:1 1 420px;min-width:280px;display:flex;flex-direction:column;justify-content:center}
.rp-po__media{flex:0 1 300px;max-width:300px;min-width:220px;display:flex;align-items:center;padding:18px 0}
.rp-po__media img{width:100%;height:100%;object-fit:cover;border-radius:24px;display:block}
.rp-po p{margin:0 0 16px;line-height:1.65}
.rp-po__list{margin:0 0 16px}
.rp-po__list p{margin:0 0 6px;padding-left:4px}
.rp-po__infos{background:#f4f8f7;border-left:4px solid var(--rp-green);border-radius:12px;padding:16px 20px;margin-bottom:22px}
.rp-po__infos p{margin:0 0 4px}
.rp-po__infos p:last-child{margin:0}
.rp-po__btns{display:flex;gap:14px;flex-wrap:wrap}
.rp-po__btns a{display:inline-block;padding:13px 26px;border-radius:50px;background:var(--rp-green);color:#fff!important;text-decoration:none!important;font-family:"Bebas Neue",sans-serif;font-size:19px;letter-spacing:.5px;line-height:1.2;transition:.25s}
.rp-po__btns a:hover{background:#1f6259;transform:translateY(-2px)}
.rp-po__btns a.rp-po__btn--alt{background:transparent;color:var(--rp-green)!important;box-shadow:inset 0 0 0 2px var(--rp-green)}
.rp-po__btns a.rp-po__btn--alt:hover{background:var(--rp-green);color:#fff!important}
@media(max-width:1024px){.rp-po{gap:28px}.rp-po__media{flex:0 1 260px;max-width:260px}}
@media(max-width:767px){.rp-po{flex-direction:column}.rp-po__media{max-width:320px;margin:0 auto;padding:0}.rp-po__media img{height:auto}}
</style>

<div class="rp-po">

  <div class="rp-po__text">
    <p>Le samedi 12 septembre, viens découvrir deux des grandes nouveautés du Parc à l’occasion d’une journée portes ouvertes ! 😍</p>

    <div class="rp-po__list">
      <p>🏋️ Le FiveClub et son tout nouvel espace fitness</p>
      <p>🛏️ L’Auberge du Parc et ses 68 lits</p>
    </div>

    <p>Visite les nouvelles infrastructures, rencontre les équipes, pose toutes tes questions et découvre ces nouveaux espaces flambant neufs !</p>
    <p>Et ce n’est pas tout… plein de surprises t’attendent sur place ! 👀</p>

    <div class="rp-po__infos">
      <p><strong>📅 Samedi 12 septembre 2026</strong></p>
      <p>⏰ Horaires : 09h00-15h00</p>
      <p>📍 Raiffeisen Parc, Rue Emile-Boéchat 87, 2800 Delémont</p>
    </div>

    <p>On se réjouit de te faire découvrir tout ça !</p>

    <div class="rp-po__btns">
      <a class="nolink" href="https://raiffeisen-parc.ch/en/activities/five-club-fitness/">Découvrir le FiveClub Fitness</a>
      <a class="nolink rp-po__btn--alt" href="https://raiffeisen-parc.ch/en/park-inn/">Découvrir l’Auberge du Parc</a>
    </div>
  </div>

  <div class="rp-po__media">
    <img decoding="async" src="https://raiffeisen-parc.ch/wp-content/uploads/2026/08/Portes-ouvertes-9x16-1-576x1024.webp" alt="Portes ouvertes au Raiffeisen Parc – 12 septembre 2026">
  </div>

</div>
